{"id":125,"date":"2026-03-11T09:52:10","date_gmt":"2026-03-11T12:52:10","guid":{"rendered":"https:\/\/patinhasdobem.ong.br\/?page_id=125"},"modified":"2026-03-29T10:23:17","modified_gmt":"2026-03-29T13:23:17","slug":"contato","status":"publish","type":"page","link":"https:\/\/patinhasdobem.ong.br\/index.php\/contato\/","title":{"rendered":"Contato"},"content":{"rendered":"\t\t<div data-elementor-type=\"wp-page\" data-elementor-id=\"125\" class=\"elementor elementor-125\" data-elementor-post-type=\"page\">\n\t\t\t\t<div class=\"elementor-element elementor-element-3f0a99b e-flex e-con-boxed e-con e-parent\" data-id=\"3f0a99b\" data-element_type=\"container\" data-e-type=\"container\">\n\t\t\t\t\t<div class=\"e-con-inner\">\n\t\t\t\t<div class=\"elementor-element elementor-element-073b597 elementor-button-align-stretch elementor-widget elementor-widget-form\" data-id=\"073b597\" data-element_type=\"widget\" data-e-type=\"widget\" data-settings=\"{&quot;step_next_label&quot;:&quot;Next&quot;,&quot;step_previous_label&quot;:&quot;Previous&quot;,&quot;button_width&quot;:&quot;100&quot;,&quot;step_type&quot;:&quot;number_text&quot;,&quot;step_icon_shape&quot;:&quot;circle&quot;}\" data-widget_type=\"form.default\">\n\t\t\t\t\t\t\t<form class=\"elementor-form\" method=\"post\" id=\"01\" name=\"New Form\" aria-label=\"New Form\">\n\t\t\t<input type=\"hidden\" name=\"post_id\" value=\"125\"\/>\n\t\t\t<input type=\"hidden\" name=\"form_id\" value=\"073b597\"\/>\n\t\t\t<input type=\"hidden\" name=\"referer_title\" value=\"Contato - ONG Patinhas do Bem\" \/>\n\n\t\t\t\t\t\t\t<input type=\"hidden\" name=\"queried_id\" value=\"125\"\/>\n\t\t\t\n\t\t\t<div class=\"elementor-form-fields-wrapper elementor-labels-above\">\n\t\t\t\t\t\t\t\t<div class=\"elementor-field-type-text elementor-field-group elementor-column elementor-field-group-name elementor-col-100\">\n\t\t\t\t\t\t\t\t\t\t\t\t<label for=\"form-field-name\" class=\"elementor-field-label\">\n\t\t\t\t\t\t\t\tNome\t\t\t\t\t\t\t<\/label>\n\t\t\t\t\t\t\t\t\t\t\t\t\t\t<input size=\"1\" type=\"text\" name=\"form_fields[name]\" id=\"form-field-name\" class=\"elementor-field elementor-size-sm  elementor-field-textual\" placeholder=\"Nome\">\n\t\t\t\t\t\t\t\t\t\t\t<\/div>\n\t\t\t\t\t\t\t\t<div class=\"elementor-field-type-email elementor-field-group elementor-column elementor-field-group-email elementor-col-100 elementor-field-required\">\n\t\t\t\t\t\t\t\t\t\t\t\t<label for=\"form-field-email\" class=\"elementor-field-label\">\n\t\t\t\t\t\t\t\tE-mail\t\t\t\t\t\t\t<\/label>\n\t\t\t\t\t\t\t\t\t\t\t\t\t\t<input size=\"1\" type=\"email\" name=\"form_fields[email]\" id=\"form-field-email\" class=\"elementor-field elementor-size-sm  elementor-field-textual\" placeholder=\"E-mail\" required=\"required\">\n\t\t\t\t\t\t\t\t\t\t\t<\/div>\n\t\t\t\t\t\t\t\t<div class=\"elementor-field-type-tel elementor-field-group elementor-column elementor-field-group-field_3b66423 elementor-col-100\">\n\t\t\t\t\t\t\t\t\t\t\t\t<label for=\"form-field-field_3b66423\" class=\"elementor-field-label\">\n\t\t\t\t\t\t\t\tTelefone\t\t\t\t\t\t\t<\/label>\n\t\t\t\t\t\t\t\t<input size=\"1\" type=\"tel\" name=\"form_fields[field_3b66423]\" id=\"form-field-field_3b66423\" class=\"elementor-field elementor-size-sm  elementor-field-textual\" placeholder=\"Telefone\" pattern=\"[0-9()#&amp;+*-=.]+\" title=\"Only numbers and phone characters (#, -, *, etc) are accepted.\">\n\n\t\t\t\t\t\t<\/div>\n\t\t\t\t\t\t\t\t<div class=\"elementor-field-type-textarea elementor-field-group elementor-column elementor-field-group-message elementor-col-100\">\n\t\t\t\t\t\t\t\t\t\t\t\t<label for=\"form-field-message\" class=\"elementor-field-label\">\n\t\t\t\t\t\t\t\tMensagem\t\t\t\t\t\t\t<\/label>\n\t\t\t\t\t\t<textarea class=\"elementor-field-textual elementor-field  elementor-size-sm\" name=\"form_fields[message]\" id=\"form-field-message\" rows=\"4\" placeholder=\"Mensagem\"><\/textarea>\t\t\t\t<\/div>\n\t\t\t\t\t\t\t\t<div class=\"elementor-field-group elementor-column elementor-field-type-submit elementor-col-100 e-form__buttons\">\n\t\t\t\t\t<button class=\"elementor-button elementor-size-sm\" type=\"submit\">\n\t\t\t\t\t\t<span class=\"elementor-button-content-wrapper\">\n\t\t\t\t\t\t\t\t\t\t\t\t\t\t\t\t\t\t\t\t\t\t<span class=\"elementor-button-text\">Enviar<\/span>\n\t\t\t\t\t\t\t\t\t\t\t\t\t<\/span>\n\t\t\t\t\t<\/button>\n\t\t\t\t<\/div>\n\t\t\t<\/div>\n\t\t<\/form>\n\t\t\t\t\t\t<\/div>\n\t\t\t\t<div class=\"elementor-element elementor-element-2cde913 elementor-widget elementor-widget-shortcode\" data-id=\"2cde913\" data-element_type=\"widget\" data-e-type=\"widget\" data-widget_type=\"shortcode.default\">\n\t\t\t\t\t\t\t<div class=\"elementor-shortcode\"><div class=\"post-type-archive-pets\">\n\t<form class=\"pets-search-form\" method=\"GET\" action=\"https:\/\/patinhasdobem.ong.br\/index.php\/contato\/\">\n            <div class=\"fieldset\">\n                <div class=\"search-field\">\n            <label for=\"pets_breed\">\n\t\t\t\tRa\u00e7a            <\/label>\n            <select id=\"pets_breed\" name=\"breed\">\n                <option value=\"0\">Todas as Ra\u00e7as<\/option>\n\t\t\t\t\t<option \t\tvalue=\"srd\">SRD<\/option>\n\t            <\/select>\n        <\/div>\n                            <div class=\"search-field\">\n                <label for=\"pets_color\">\n                    Cor                <\/label>\n                <select id=\"pets_color\" name=\"pet-color\">\n                    <option value=\"0\">Toda Cor<\/option>\n                                                <option                                     value=\"amarelo\">Amarelo<\/option>\n                                                        <option                                     value=\"branco\">Branco<\/option>\n                                                        <option                                     value=\"preto\">Preto<\/option>\n                                                        <option                                     value=\"rajado\">Rajado<\/option>\n                                            <\/select>\n            <\/div>\n                        <\/div>\n                <button type=\"submit\" class=\"button\">Buscar PET<\/button>\n<\/form>\n\n<div class=\"pets-grid\">\n<article id=\"pet-120\" class=\"post-120 pets type-pets status-publish has-post-thumbnail hentry\">\n\t<header class=\"pet-header\">\n        <a href=\"https:\/\/patinhasdobem.ong.br\/index.php\/pets\/caramelo\/\">\n            <div class=\"pet-image\">\n                <img fetchpriority=\"high\" decoding=\"async\" width=\"360\" height=\"257\" src=\"https:\/\/patinhasdobem.ong.br\/wp-content\/uploads\/2026\/03\/Captura-de-tela-2026-03-10-100516-360x257.png\" class=\"attachment-pets-thumbnail size-pets-thumbnail wp-post-image\" alt=\"\" srcset=\"https:\/\/patinhasdobem.ong.br\/wp-content\/uploads\/2026\/03\/Captura-de-tela-2026-03-10-100516-360x257.png 360w, https:\/\/patinhasdobem.ong.br\/wp-content\/uploads\/2026\/03\/Captura-de-tela-2026-03-10-100516-300x214.png 300w, https:\/\/patinhasdobem.ong.br\/wp-content\/uploads\/2026\/03\/Captura-de-tela-2026-03-10-100516-600x428.png 600w, https:\/\/patinhasdobem.ong.br\/wp-content\/uploads\/2026\/03\/Captura-de-tela-2026-03-10-100516.png 738w\" sizes=\"(max-width: 360px) 100vw, 360px\" \/>            <\/div>\n        <\/a>\n\t\t<a href=\"https:\/\/patinhasdobem.ong.br\/index.php\/pets\/caramelo\/\"><h3 class=\"pet-title\">Caramelo<\/h3><\/a>        \t<\/header>\n\t<section class=\"pet-content\">\n\t\t\n<p>Lindo e d\u00f3cil caramelo para ado\u00e7\u00e3o respons\u00e1vel.<\/p>\n\n\n\n<p>Maiores informa\u00e7\u00f5es entre em contato com nossa equipe!<\/p>\n\t<\/section>\n<\/article>\n<\/div>\n<\/div>\n<\/div>\n\t\t\t\t\t\t<\/div>\n\t\t\t\t<div class=\"elementor-element elementor-element-2daf024 elementor-widget elementor-widget-image\" data-id=\"2daf024\" data-element_type=\"widget\" data-e-type=\"widget\" data-widget_type=\"image.default\">\n\t\t\t\t\t\t\t\t\t\t\t\t\t\t\t<img decoding=\"async\" width=\"800\" height=\"447\" src=\"https:\/\/patinhasdobem.ong.br\/wp-content\/uploads\/2026\/03\/dow-patinhas-1024x572.png\" class=\"attachment-large size-large wp-image-138\" alt=\"Dow e nos ajude a ajudar!\" srcset=\"https:\/\/patinhasdobem.ong.br\/wp-content\/uploads\/2026\/03\/dow-patinhas-1024x572.png 1024w, https:\/\/patinhasdobem.ong.br\/wp-content\/uploads\/2026\/03\/dow-patinhas-300x167.png 300w, https:\/\/patinhasdobem.ong.br\/wp-content\/uploads\/2026\/03\/dow-patinhas-768x429.png 768w, https:\/\/patinhasdobem.ong.br\/wp-content\/uploads\/2026\/03\/dow-patinhas-1536x857.png 1536w, https:\/\/patinhasdobem.ong.br\/wp-content\/uploads\/2026\/03\/dow-patinhas-2048x1143.png 2048w, https:\/\/patinhasdobem.ong.br\/wp-content\/uploads\/2026\/03\/dow-patinhas-360x201.png 360w, https:\/\/patinhasdobem.ong.br\/wp-content\/uploads\/2026\/03\/dow-patinhas-600x335.png 600w\" sizes=\"(max-width: 800px) 100vw, 800px\" \/>\t\t\t\t\t\t\t\t\t\t\t\t\t\t\t<\/div>\n\t\t\t\t\t<\/div>\n\t\t\t\t<\/div>\n\t\t\t\t<\/div>\n\t\t","protected":false},"excerpt":{"rendered":"","protected":false},"author":1,"featured_media":0,"parent":0,"menu_order":0,"comment_status":"closed","ping_status":"closed","template":"","meta":{"footnotes":""},"class_list":["post-125","page","type-page","status-publish","hentry"],"yoast_head":"<!-- This site is optimized with the Yoast SEO plugin v27.2 - https:\/\/yoast.com\/product\/yoast-seo-wordpress\/ -->\n<title>Contato - ONG Patinhas do Bem<\/title>\n<meta name=\"robots\" content=\"index, follow, max-snippet:-1, max-image-preview:large, max-video-preview:-1\" \/>\n<link rel=\"canonical\" href=\"https:\/\/patinhasdobem.ong.br\/index.php\/contato\/\" \/>\n<meta property=\"og:locale\" content=\"pt_BR\" \/>\n<meta property=\"og:type\" content=\"article\" \/>\n<meta property=\"og:title\" content=\"Contato - ONG Patinhas do Bem\" \/>\n<meta property=\"og:url\" content=\"https:\/\/patinhasdobem.ong.br\/index.php\/contato\/\" \/>\n<meta property=\"og:site_name\" content=\"ONG Patinhas do Bem\" \/>\n<meta property=\"article:modified_time\" content=\"2026-03-29T13:23:17+00:00\" \/>\n<meta property=\"og:image\" content=\"https:\/\/patinhasdobem.ong.br\/wp-content\/uploads\/2026\/03\/dow-patinhas-1024x572.png\" \/>\n\t<meta property=\"og:image:width\" content=\"1024\" \/>\n\t<meta property=\"og:image:height\" content=\"572\" \/>\n\t<meta property=\"og:image:type\" content=\"image\/png\" \/>\n<meta name=\"twitter:card\" content=\"summary_large_image\" \/>\n<meta name=\"twitter:label1\" content=\"Est. tempo de leitura\" \/>\n\t<meta name=\"twitter:data1\" content=\"1 minuto\" \/>\n<script type=\"application\/ld+json\" class=\"yoast-schema-graph\">{\"@context\":\"https:\/\/schema.org\",\"@graph\":[{\"@type\":\"WebPage\",\"@id\":\"https:\/\/patinhasdobem.ong.br\/index.php\/contato\/\",\"url\":\"https:\/\/patinhasdobem.ong.br\/index.php\/contato\/\",\"name\":\"Contato - ONG Patinhas do Bem\",\"isPartOf\":{\"@id\":\"https:\/\/patinhasdobem.ong.br\/#website\"},\"primaryImageOfPage\":{\"@id\":\"https:\/\/patinhasdobem.ong.br\/index.php\/contato\/#primaryimage\"},\"image\":{\"@id\":\"https:\/\/patinhasdobem.ong.br\/index.php\/contato\/#primaryimage\"},\"thumbnailUrl\":\"https:\/\/patinhasdobem.ong.br\/wp-content\/uploads\/2026\/03\/dow-patinhas-1024x572.png\",\"datePublished\":\"2026-03-11T12:52:10+00:00\",\"dateModified\":\"2026-03-29T13:23:17+00:00\",\"breadcrumb\":{\"@id\":\"https:\/\/patinhasdobem.ong.br\/index.php\/contato\/#breadcrumb\"},\"inLanguage\":\"pt-BR\",\"potentialAction\":[{\"@type\":\"ReadAction\",\"target\":[\"https:\/\/patinhasdobem.ong.br\/index.php\/contato\/\"]}]},{\"@type\":\"ImageObject\",\"inLanguage\":\"pt-BR\",\"@id\":\"https:\/\/patinhasdobem.ong.br\/index.php\/contato\/#primaryimage\",\"url\":\"https:\/\/patinhasdobem.ong.br\/wp-content\/uploads\/2026\/03\/dow-patinhas-scaled.png\",\"contentUrl\":\"https:\/\/patinhasdobem.ong.br\/wp-content\/uploads\/2026\/03\/dow-patinhas-scaled.png\",\"width\":2560,\"height\":1429,\"caption\":\"Dow e nos ajude a ajudar!\"},{\"@type\":\"BreadcrumbList\",\"@id\":\"https:\/\/patinhasdobem.ong.br\/index.php\/contato\/#breadcrumb\",\"itemListElement\":[{\"@type\":\"ListItem\",\"position\":1,\"name\":\"In\u00edcio\",\"item\":\"https:\/\/patinhasdobem.ong.br\/\"},{\"@type\":\"ListItem\",\"position\":2,\"name\":\"Contato\"}]},{\"@type\":\"WebSite\",\"@id\":\"https:\/\/patinhasdobem.ong.br\/#website\",\"url\":\"https:\/\/patinhasdobem.ong.br\/\",\"name\":\"ONG Patinhas do Bem\",\"description\":\"\",\"publisher\":{\"@id\":\"https:\/\/patinhasdobem.ong.br\/#organization\"},\"potentialAction\":[{\"@type\":\"SearchAction\",\"target\":{\"@type\":\"EntryPoint\",\"urlTemplate\":\"https:\/\/patinhasdobem.ong.br\/?s={search_term_string}\"},\"query-input\":{\"@type\":\"PropertyValueSpecification\",\"valueRequired\":true,\"valueName\":\"search_term_string\"}}],\"inLanguage\":\"pt-BR\"},{\"@type\":\"Organization\",\"@id\":\"https:\/\/patinhasdobem.ong.br\/#organization\",\"name\":\"ONG Patinhas do Bem\",\"url\":\"https:\/\/patinhasdobem.ong.br\/\",\"logo\":{\"@type\":\"ImageObject\",\"inLanguage\":\"pt-BR\",\"@id\":\"https:\/\/patinhasdobem.ong.br\/#\/schema\/logo\/image\/\",\"url\":\"https:\/\/patinhasdobem.ong.br\/wp-content\/uploads\/2026\/03\/cropped-logo-nobg.png\",\"contentUrl\":\"https:\/\/patinhasdobem.ong.br\/wp-content\/uploads\/2026\/03\/cropped-logo-nobg.png\",\"width\":512,\"height\":512,\"caption\":\"ONG Patinhas do Bem\"},\"image\":{\"@id\":\"https:\/\/patinhasdobem.ong.br\/#\/schema\/logo\/image\/\"}}]}<\/script>\n<!-- \/ Yoast SEO plugin. -->","yoast_head_json":{"title":"Contato - ONG Patinhas do Bem","robots":{"index":"index","follow":"follow","max-snippet":"max-snippet:-1","max-image-preview":"max-image-preview:large","max-video-preview":"max-video-preview:-1"},"canonical":"https:\/\/patinhasdobem.ong.br\/index.php\/contato\/","og_locale":"pt_BR","og_type":"article","og_title":"Contato - ONG Patinhas do Bem","og_url":"https:\/\/patinhasdobem.ong.br\/index.php\/contato\/","og_site_name":"ONG Patinhas do Bem","article_modified_time":"2026-03-29T13:23:17+00:00","og_image":[{"width":1024,"height":572,"url":"https:\/\/patinhasdobem.ong.br\/wp-content\/uploads\/2026\/03\/dow-patinhas-1024x572.png","type":"image\/png"}],"twitter_card":"summary_large_image","twitter_misc":{"Est. tempo de leitura":"1 minuto"},"schema":{"@context":"https:\/\/schema.org","@graph":[{"@type":"WebPage","@id":"https:\/\/patinhasdobem.ong.br\/index.php\/contato\/","url":"https:\/\/patinhasdobem.ong.br\/index.php\/contato\/","name":"Contato - ONG Patinhas do Bem","isPartOf":{"@id":"https:\/\/patinhasdobem.ong.br\/#website"},"primaryImageOfPage":{"@id":"https:\/\/patinhasdobem.ong.br\/index.php\/contato\/#primaryimage"},"image":{"@id":"https:\/\/patinhasdobem.ong.br\/index.php\/contato\/#primaryimage"},"thumbnailUrl":"https:\/\/patinhasdobem.ong.br\/wp-content\/uploads\/2026\/03\/dow-patinhas-1024x572.png","datePublished":"2026-03-11T12:52:10+00:00","dateModified":"2026-03-29T13:23:17+00:00","breadcrumb":{"@id":"https:\/\/patinhasdobem.ong.br\/index.php\/contato\/#breadcrumb"},"inLanguage":"pt-BR","potentialAction":[{"@type":"ReadAction","target":["https:\/\/patinhasdobem.ong.br\/index.php\/contato\/"]}]},{"@type":"ImageObject","inLanguage":"pt-BR","@id":"https:\/\/patinhasdobem.ong.br\/index.php\/contato\/#primaryimage","url":"https:\/\/patinhasdobem.ong.br\/wp-content\/uploads\/2026\/03\/dow-patinhas-scaled.png","contentUrl":"https:\/\/patinhasdobem.ong.br\/wp-content\/uploads\/2026\/03\/dow-patinhas-scaled.png","width":2560,"height":1429,"caption":"Dow e nos ajude a ajudar!"},{"@type":"BreadcrumbList","@id":"https:\/\/patinhasdobem.ong.br\/index.php\/contato\/#breadcrumb","itemListElement":[{"@type":"ListItem","position":1,"name":"In\u00edcio","item":"https:\/\/patinhasdobem.ong.br\/"},{"@type":"ListItem","position":2,"name":"Contato"}]},{"@type":"WebSite","@id":"https:\/\/patinhasdobem.ong.br\/#website","url":"https:\/\/patinhasdobem.ong.br\/","name":"ONG Patinhas do Bem","description":"","publisher":{"@id":"https:\/\/patinhasdobem.ong.br\/#organization"},"potentialAction":[{"@type":"SearchAction","target":{"@type":"EntryPoint","urlTemplate":"https:\/\/patinhasdobem.ong.br\/?s={search_term_string}"},"query-input":{"@type":"PropertyValueSpecification","valueRequired":true,"valueName":"search_term_string"}}],"inLanguage":"pt-BR"},{"@type":"Organization","@id":"https:\/\/patinhasdobem.ong.br\/#organization","name":"ONG Patinhas do Bem","url":"https:\/\/patinhasdobem.ong.br\/","logo":{"@type":"ImageObject","inLanguage":"pt-BR","@id":"https:\/\/patinhasdobem.ong.br\/#\/schema\/logo\/image\/","url":"https:\/\/patinhasdobem.ong.br\/wp-content\/uploads\/2026\/03\/cropped-logo-nobg.png","contentUrl":"https:\/\/patinhasdobem.ong.br\/wp-content\/uploads\/2026\/03\/cropped-logo-nobg.png","width":512,"height":512,"caption":"ONG Patinhas do Bem"},"image":{"@id":"https:\/\/patinhasdobem.ong.br\/#\/schema\/logo\/image\/"}}]}},"_links":{"self":[{"href":"https:\/\/patinhasdobem.ong.br\/index.php\/wp-json\/wp\/v2\/pages\/125","targetHints":{"allow":["GET"]}}],"collection":[{"href":"https:\/\/patinhasdobem.ong.br\/index.php\/wp-json\/wp\/v2\/pages"}],"about":[{"href":"https:\/\/patinhasdobem.ong.br\/index.php\/wp-json\/wp\/v2\/types\/page"}],"author":[{"embeddable":true,"href":"https:\/\/patinhasdobem.ong.br\/index.php\/wp-json\/wp\/v2\/users\/1"}],"replies":[{"embeddable":true,"href":"https:\/\/patinhasdobem.ong.br\/index.php\/wp-json\/wp\/v2\/comments?post=125"}],"version-history":[{"count":10,"href":"https:\/\/patinhasdobem.ong.br\/index.php\/wp-json\/wp\/v2\/pages\/125\/revisions"}],"predecessor-version":[{"id":141,"href":"https:\/\/patinhasdobem.ong.br\/index.php\/wp-json\/wp\/v2\/pages\/125\/revisions\/141"}],"wp:attachment":[{"href":"https:\/\/patinhasdobem.ong.br\/index.php\/wp-json\/wp\/v2\/media?parent=125"}],"curies":[{"name":"wp","href":"https:\/\/api.w.org\/{rel}","templated":true}]}}